 prime factors of j?
2, 137
Let f(d) = -94*d + 44*d + 21*d - 139. List the prime factors of f(-25).
2, 293
Let h(y) = -62*y**3 + 12*y**2 + 7*y + 7. Let c be h(-3). Suppose -1077 = -2*u + 3*q + 100, -2*q = -3*u + c. List the prime factors of u.
2, 5, 59
Suppose 1288 = 2*l + 6*l. Let w = l - 71. List the prime factors of w.
2, 3, 5
Let q(y) = 8*y - 13872. Let z be q(0). What are the prime factors of z/(-90) + 2/(-15)?
2, 7, 11
Suppose -w - 13 = -4*i, -5*i + i + 4*w + 16 = 0. Suppose -8 = i*s + 5*o, -2*s - o = -4*o + 18. Let f(l) = -6*l + 24. List the prime factors of f(s).
2, 3, 5
List the prime factors of (0 + 1)/(((-1080)/(-346128))/45).
2, 7211
Suppose 2*y = -y + 24. What are the prime factors of (-13)/(26/(-8))*66/y?
3, 11
Let q(d) = -3*d - 11. Let i be q(-5). Suppose -20 = h - 6*h + 5*u, i*u = -20. What are the prime factors of 502/(-6)*h - 2/3?
83
Let h be ((-280)/6)/(-4) - (-9)/27. Suppose 590 = -h*g + 17*g. Suppose -g - 37 = -5*y. What are the prime factors of y?
31
Let w(g) = 42*g - 1881. List the prime factors of w(56).
3, 157
Let v(f) = f**2 - 11*f - 17. Let d be v(-4). Suppose -50*u = -d*u - 2905. What are the prime factors of u?
5, 83
Let v = 45554 - 31402. List the prime factors of v.
2, 29, 61
Suppose 15*b - 3*b - 1596 = 0. Let h = b + -127. List the prime factors of ((-888)/(-10))/(h*4/80).
2, 37
Let p = -5856 - -7744. List the prime factors of p.
2, 59
Let z = 1271 - 439. Let g = z - 524. What are the prime factors of g?
2, 7, 11
Let t(k) = -k**3 + 2*k**2 + k + 4. Let y = 9 - 6. Let q be t(y). What are the prime factors of 6/(60/(-55))*q?
11
Let b be (-6325)/125 - 4/10. Let o = -49 - b. Suppose i - 335 = -o*r + 195, -i + 794 = 3*r. List the prime factors of r.
2, 3, 11
Let w be 4/(-32)*1 + 99001/8. Suppose -3*u - w = -12*u. List the prime factors of u.
5, 11
Let m be (2600/39)/((-3)/(-9)). Suppose 4*b + 2*o = 1378 - m, 4*o - 298 = -b. What are the prime factors of b?
2, 3, 7
Let t be (11 - 3) + -7 + 851. Suppose t = 24*f - 12*f. List the prime factors of f.
71
Let f be 528 + (4 - 3)*(-40)/(-8). Let l = 1087 - f. What are the prime factors of l?
2, 277
List the prime factors of (15741/(-15) + -15)/(118/60 + -2).
2, 3, 887
What are the prime factors of ((-312777)/(-6))/3 + ((-75)/10 - -9)?
2, 8689
Let u(g) = 3*g**2 - 11*g - 56. Let m be u(18). Suppose 4*p + y - 1496 = -4*y, m = 2*p - 5*y. List the prime factors of p.
3, 41
Suppose -24*l - 596 = -28*l. Let n = l - 17. What are the prime factors of n?
2, 3, 11
Let o = -180592 + 268235. What are the prime factors of o?
87643
Let u(y) = -y**2 - y + 111. Let v be u(0). Let g be (-1 + 0 - 69)*(-10)/20. Let d = v - g. What are the prime factors of d?
2, 19
What are the prime factors of -10526*(-13)/(-8 - -21)?
2, 19, 277
Let a(h) = h**3 - 100*h**2 + 349*h + 77. What are the prime factors of a(100)?
3, 89, 131
Let b be 3/(3 - 584/196). Suppose -40*n + 80 = -42*n. Let f = n + b. What are the prime factors of f?
107
Let v = -268 + 271. Suppose w - u - 206 = 0, v*w - u = -2*u + 634. List the prime factors of w.
2, 3, 5, 7
Let p(o) = o - 7. Suppose -10*s + 111 - 31 = 0. Let c be p(s). Suppose -21 = -t - c. List the prime factors of t.
2, 5
What are the prime factors of 20/(-70) - (-58440)/14?
2, 2087
Let i(y) = -y**3 + 53*y**2 - 48*y - 3. What are the prime factors of i(15)?
3, 2609
Let q = 221 + -213. Suppose 3*a = -2*n + 172, 4*a - 2*n = q*a - 228. What are the prime factors of a?
2, 7
Let u(k) = 37*k + 148. Let o be u(-6). Suppose 5*t + 146 = -2*m - 172, 0 = -3*t - 6. Let z = o - m. List the prime factors of z.
2, 5
Let r(n) be the first derivative of 29*n**4/4 - n**3/3 + n**2 - n - 2. Let z be -2 - (28/(-7) - -1). What are the prime factors of r(z)?
29
Let v = 1786 + 15286. What are the prime factors of v?
2, 11, 97
Let p = 113 + -108. List the prime factors of (-15)/10*((-780)/9)/p.
2, 13
Suppose -715340 = -137*m + 299145. List the prime factors of m.
5, 1481
Let o be (3 - 6 - -5)/((-7)/(-7)). Suppose o*g = 756 + 554. What are the prime factors of g?
5, 131
Let z be 12/66 - 53/(-11). Suppose 0 = z*d - 0*d - 1130. Suppose d = -6*n + 8*n. What are the prime factors of n?
113
Let o = 203 + -210. List the prime factors of (o + 6)*-60*15.
2, 3, 5
Let l = -703 - -233. Let o = l - -988. What are the prime factors of o?
2, 7, 37
Let j = 4951 + -2667. What are the prime factors of j?
2, 571
Let v = -16980 + 29920. List the prime factors of v.
2, 5, 647
Suppose 0 = 19*a - 14*a - 3445. Let h = a + -363. List the prime factors of h.
2, 163
What are the prime factors of (-287181)/(-27) + (-10)/30?
2, 2659
Suppose -2*h = -2*q + h + 5634, -2812 = -q - h. List the prime factors of q.
2, 3, 7, 67
Let t(r) = -r**3 - 8*r**2 + r + 15. Let w be t(-10). Let p = -83 + w. List the prime factors of p.
2, 61
Suppose 110*w = 108*w + 5476. List the prime factors of w.
2, 37
Let a(i) = 51 - 20 - 6*i - i**2 - 19. Let o be a(-7). Let s = o - -28. List the prime factors of s.
3, 11
Suppose 8 = 2*w + 5*v, -78 + 6 = -4*w + 4*v. Suppose 903 = w*b - 1603. List the prime factors of b.
179
Suppose -2*i + 12 = -2*g, 0*i = -4*i - g - 1. Let k be ((-18)/8 + i)*(36 + -40). Suppose 257 + 108 = k*o. List the prime factors of o.
73
Suppose 0 = -14*y + 254 + 82. List the prime factors of (-8)/y*21 - -723.
2, 179
Suppose -w + l - 1 = 0, w + 2*w + 4*l - 4 = 0. Suppose -z + 371 = 2*z + 5*m, w = 4*z + m - 489. What are the prime factors of z?
2, 61
Let d(q) = 224*q**3 + 24*q**2 - 12*q - 22. Let w be d(-10). What are the prime factors of 2*(-1)/(-20) - w/580?
2, 191
Let f be ((-3608)/(-55) - -10)*(-15)/2. Let i = 806 + f. What are the prime factors of i?
239
Suppose 5*u - 3*g = 78865, -3*g = -u + 2*u - 15755. What are the prime factors of u?
2, 5, 19, 83
Let z(t) = 42*t + 11. Let j = 223 - 219. List the prime factors of z(j).
179
Let a(u) = -2*u**3 + 2*u**2 + 3*u - 32. Suppose 3*r - 6*r - 30 = 4*s, 0 = -3*s - r - 20. What are the prime factors of a(s)?
2, 227
Let l be 75 + -3 + (-7)/(14/(-8)). Suppose 88*p - l*p - 1620 = 0. What are the prime factors of p?
3, 5
Let z(j) = -945*j + 215. List the prime factors of z(-11).
2, 5, 1061
Let d = 74 + -40. Let y = 36 + d. What are the prime factors of y?
2, 5, 7
Suppose 5*w - 13091 = 9*b - 11*b, -3*w = -3*b + 19626. What are the prime factors of b?
3, 727
Let b(n) = -n**3 - 4*n**2 - n + 1. Let d be b(-2). Let f be (-6920)/(-100) - ((-1)/d - 0). Let i = f - 25. List the prime factors of i.
2, 11
Let g(v) = -v**2 - 29*v - 20. Let j be g(-24). List the prime factors of 80/j + (-3708)/(-15).
2, 31
What are the prime factors of ((-44)/92)/((-4)/11332) - (-8)/92?
5, 271
Let z = 7041 - 4589. What are the prime factors of z?
2, 613
Let s(z) = -64*z - 59. Let j(i) = -3*i. Let q(n) = -5*j(n) + s(n). List the prime factors of q(-11).
2, 3, 5
List the prime factors of -255*(52/(-65))/((-6)/(-2630)).
2, 5, 17, 263
Let q(f) = 83*f**2 + 5 - 1 + 8*f - 81*f**2. Let j be q(-4). Let k(u) = 13*u**2 + 8*u + 6. List the prime factors of k(j).
2, 3, 41
Let c = 131 - 139. What are the prime factors of c/(-20) - (-2432)/20?
2, 61
Let r be -1*10/((-30)/(-393)). Let j be (-18)/27 + (-1784)/6. Let c = r - j. What are the prime factors of c?
167
Let m = 18 + -15. Suppose 0*a + 3*a = -m*h - 33, -a - 5*h = 31. What are the prime factors of 1431/(-6)*4/a?
3, 53
Let i(p) = -10*p**3 - 33*p**2 - 35*p + 36. Let m(n) = 3*n**3 + 11*n**2 + 12*n - 12. Let a(j) = -2*i(j) - 7*m(j). What are the prime factors of a(-12)?
2, 3
Let v(y) = -y**2 + 40*y + 29. What are the prime factors of v(23)?
2, 3, 5, 7
Let i = -44 - -47. Let u be -2*(-6)/4*i. What are the prime factors of (357/u)/(2/6)?
7, 17
Let j = -329 + 916. Let c = j - -482. What are the prime factors of c?
1069
List the prime factors of (-2 - 1943 - (17 - 25))*-1.
13, 149
Let b = 33415 - 20780. List the prime factors of b.
5, 7, 19
Let u(w) = -968*w - 30. Let t be u(-1). Let a = t + -753. List the prime factors of a.
5, 37
Suppose -81*k = -77*k - 1352. Let o = 984 - 400. Let r = o - k. List the prime factors of r.
2, 3, 41
Let i(w) = -2*w**3 + 22*w**2 + 7*w + 10. Let s be i(11). Suppose -59 = 2*l - s. List the prime factors of l.
2, 7
List the prime factors of -18*(-48)/648*(-71823)/(-4).
89, 269
Let f(r) = -7*r**3 + 1 + 0*r**2 + 6*r**3 - 36*r**3 + 9*r + 6*r**2. List the prime f